{"id":5108,"date":"2023-01-31T13:06:02","date_gmt":"2023-01-31T12:06:02","guid":{"rendered":"https:\/\/ecl-pisarka.pl\/?post_type=product&#038;p=5108"},"modified":"2025-07-16T13:48:50","modified_gmt":"2025-07-16T12:48:50","slug":"pakiet-1-1-substytuty-milosci-wiek-niewazny-cz-2","status":"publish","type":"product","link":"https:\/\/ecl-pisarka.pl\/index.php\/produkt\/pakiet-1-1-substytuty-milosci-wiek-niewazny-cz-2\/","title":{"rendered":"PAKIET 1+ 1 ebook Substytuty Mi\u0142o\u015bci + Wiek-niewa\u017cny cz. 2."},"content":{"rendered":"<p>&nbsp;<\/p>\n<p><img loading=\"lazy\" decoding=\"async\" class=\"alignnone wp-image-4874 size-large\" src=\"https:\/\/ecl-pisarka.pl\/wp-content\/uploads\/2019\/08\/Sybstytuty-Milosci-1024x576.jpg\" alt=\"&quot;Substytuty Mi\u0142o\u015bci Ewelina C.Lisowska&quot;\" width=\"1024\" height=\"576\" srcset=\"https:\/\/ecl-pisarka.pl\/wp-content\/uploads\/2019\/08\/Sybstytuty-Milosci-1024x576.jpg 1024w, https:\/\/ecl-pisarka.pl\/wp-content\/uploads\/2019\/08\/Sybstytuty-Milosci-300x169.jpg 300w, https:\/\/ecl-pisarka.pl\/wp-content\/uploads\/2019\/08\/Sybstytuty-Milosci-768x432.jpg 768w, https:\/\/ecl-pisarka.pl\/wp-content\/uploads\/2019\/08\/Sybstytuty-Milosci-1536x864.jpg 1536w, https:\/\/ecl-pisarka.pl\/wp-content\/uploads\/2019\/08\/Sybstytuty-Milosci-2048x1152.jpg 2048w, https:\/\/ecl-pisarka.pl\/wp-content\/uploads\/2019\/08\/Sybstytuty-Milosci-400x225.jpg 400w\" sizes=\"auto, (max-width: 1024px) 100vw, 1024px\" \/><\/p>\n<p><img loading=\"lazy\" decoding=\"async\" class=\"alignnone wp-image-4871 size-large\" src=\"https:\/\/ecl-pisarka.pl\/wp-content\/uploads\/2020\/05\/WIEK-NIEWAZNY-Powroty-1024x576.jpg\" alt=\"&quot;wiek-niewa\u017cny powroty Ewelina C.Lisowska&quot;\" width=\"1024\" height=\"576\" srcset=\"https:\/\/ecl-pisarka.pl\/wp-content\/uploads\/2020\/05\/WIEK-NIEWAZNY-Powroty-1024x576.jpg 1024w, https:\/\/ecl-pisarka.pl\/wp-content\/uploads\/2020\/05\/WIEK-NIEWAZNY-Powroty-300x169.jpg 300w, https:\/\/ecl-pisarka.pl\/wp-content\/uploads\/2020\/05\/WIEK-NIEWAZNY-Powroty-768x432.jpg 768w, https:\/\/ecl-pisarka.pl\/wp-content\/uploads\/2020\/05\/WIEK-NIEWAZNY-Powroty-1536x864.jpg 1536w, https:\/\/ecl-pisarka.pl\/wp-content\/uploads\/2020\/05\/WIEK-NIEWAZNY-Powroty-2048x1152.jpg 2048w, https:\/\/ecl-pisarka.pl\/wp-content\/uploads\/2020\/05\/WIEK-NIEWAZNY-Powroty-400x225.jpg 400w\" sizes=\"auto, (max-width: 1024px) 100vw, 1024px\" \/><\/p>\n","protected":false},"excerpt":{"rendered":"<h1 style=\"text-align: center;\">PAKIET 1 + 1<\/h1>\n<p style=\"text-align: center;\"><strong>Dwa ebook romanse w korzystniejszej cenie<\/strong><\/p>\n<h2 style=\"text-align: center;\">Substytuty Mi\u0142o\u015bci<\/h2>\n<h2 style=\"text-align: center;\">+<\/h2>\n<h2 style=\"text-align: center;\">WIEK-NIEWA\u017bNY cz. 2. Powroty<\/h2>\n<p style=\"text-align: center;\"><strong>Podczas sk\u0142adania zam\u00f3wienia w tabelce UWAGI DO ZAM\u00d3WIENIA nale\u017cy poda\u0107 format ebooka (PDF, Mobi lub EPUB)<\/strong><\/p>\n<p>&nbsp;<\/p>\n<h3><a href=\"https:\/\/ecl-pisarka.pl\/index.php\/kategoria-produktu\/ebook-romanse-wspolczesne\/substytuty-milosci\/\">Substytuty Mi\u0142o\u015bci<\/a><\/h3>\n<p>romans wsp\u00f3\u0142czesny, religijny<\/p>\n<p>Historia mi\u0142o\u015bci z pogranicza sacrum i profanum. On ma by\u0107 ksi\u0119dzem, ona jest m\u0142odziutk\u0105 prostytutk\u0105. Spotykaj\u0105 si\u0119 na balu, kt\u00f3ry zmenia ich \u017cycie o 180 stopni. Substytuty Mi\u0142o\u015bci to romans pe\u0142en dylemat\u00f3w moralnych, s\u0142odkich chwil we dwoje, ale tak\u017ce walka o mi\u0142o\u015b\u0107 z wieloma przeciwno\u015bciami. W akcji uczestniczy tak\u017ce B\u00f3g, kt\u00f3ry rozmawia z g\u0142\u00f3wn\u0105 bohaterk\u0105. W efekcie mamy wgl\u0105d do duszy dziewczyny, kt\u00f3ra zaczyna wygrzebywa\u0107 si\u0119 z samego dna swojego \u017cycia.<\/p>\n<p>&nbsp;<\/p>\n<h3><a href=\"https:\/\/ecl-pisarka.pl\/index.php\/kategoria-produktu\/ebook-romanse-wspolczesne\/wiek-niewazny-2-powroty\/\">WIEK-NIEWA\u017bNY cz. 2. Powroty<\/a><\/h3>\n<p>romans wsp\u00f3\u0142czesny erotyczny<\/p>\n<p>P\u0142ynna kontynuacja historii Kasi i Dariusza. Po tym jak kobieta odrzuci\u0142a ukochanego, zjawia si\u0119 on ponownie w jej \u017cyciu, aby upomnie\u0107 si\u0119 o mi\u0142o\u015b\u0107. Niestety Kasia zn\u00f3w odrzuca Darka, wbrew temu, \u017ce nadal go kocha. M\u0119\u017cczyzna znika z jej \u017cycia na zawsze. Katarzyna znajduje sens \u017cycia w opiece nad bezdomnym, w kt\u00f3rym si\u0119 zakochuje. Nie by\u0142oby w tym nic z\u0142ego, gdyby jednocze\u015bnie nadal nie wzdycha\u0142a do Dariusza, i nie widzia\u0142a w swoim podopiecznym \u0142udz\u0105cego do niego podobie\u0144stwa. O ile pierwsza cz\u0119\u015b\u0107 tej historii przypomina\u0142a romans platoniczny, tutaj wkraczamy ju\u017c do \u015bwiata erotyki. Jednak jak\u017ce innego od tego ukazywanego we wsp\u00f3\u0142cze\u015bnie tworzonych erotykach, bo owianego licznymi tabu, wstydem i fizycznymi ograniczeniami kochank\u00f3w.<\/p>\n<p>&nbsp;<\/p>\n","protected":false},"featured_media":5109,"template":"","meta":[],"product_brand":[],"product_cat":[47,258,205,208],"product_tag":[50,64,139],"class_list":{"0":"post-5108","1":"product","2":"type-product","3":"status-publish","4":"has-post-thumbnail","6":"product_cat-ebooki","7":"product_cat-pakiet","8":"product_cat-substytuty-milosci","9":"product_cat-wiek-niewazny-2-powroty","10":"product_tag-ebook","11":"product_tag-substytuty-milosci","12":"product_tag-wiek-niewazny-2","14":"first","15":"instock","16":"sale","17":"virtual","18":"taxable","19":"purchasable","20":"product-type-simple"},"_links":{"self":[{"href":"https:\/\/ecl-pisarka.pl\/index.php\/wp-json\/wp\/v2\/product\/5108","targetHints":{"allow":["GET"]}}],"collection":[{"href":"https:\/\/ecl-pisarka.pl\/index.php\/wp-json\/wp\/v2\/product"}],"about":[{"href":"https:\/\/ecl-pisarka.pl\/index.php\/wp-json\/wp\/v2\/types\/product"}],"wp:featuredmedia":[{"embeddable":true,"href":"https:\/\/ecl-pisarka.pl\/index.php\/wp-json\/wp\/v2\/media\/5109"}],"wp:attachment":[{"href":"https:\/\/ecl-pisarka.pl\/index.php\/wp-json\/wp\/v2\/media?parent=5108"}],"wp:term":[{"taxonomy":"product_brand","embeddable":true,"href":"https:\/\/ecl-pisarka.pl\/index.php\/wp-json\/wp\/v2\/product_brand?post=5108"},{"taxonomy":"product_cat","embeddable":true,"href":"https:\/\/ecl-pisarka.pl\/index.php\/wp-json\/wp\/v2\/product_cat?post=5108"},{"taxonomy":"product_tag","embeddable":true,"href":"https:\/\/ecl-pisarka.pl\/index.php\/wp-json\/wp\/v2\/product_tag?post=5108"}],"curies":[{"name":"wp","href":"https:\/\/api.w.org\/{rel}","templated":true}]}}