{"id":5381,"date":"2023-04-12T14:09:10","date_gmt":"2023-04-12T13:09:10","guid":{"rendered":"https:\/\/ecl-pisarka.pl\/?post_type=product&#038;p=5381"},"modified":"2025-03-05T18:24:23","modified_gmt":"2025-03-05T17:24:23","slug":"substytuty-milosci-druk","status":"publish","type":"product","link":"https:\/\/ecl-pisarka.pl\/index.php\/produkt\/substytuty-milosci-druk\/","title":{"rendered":"Druk na \u017cyczenie * Substytuty Mi\u0142o\u015bci druk"},"content":{"rendered":"<h2 style=\"text-align: center;\">Ewelina C. Lisowska<\/h2>\n<h1 style=\"text-align: center;\">Substytuty Mi\u0142o\u015bci druk<\/h1>\n<h2 style=\"text-align: center;\">Ksi\u0105\u017cka w druku na \u017cyczenie<\/h2>\n<p><img loading=\"lazy\" decoding=\"async\" class=\"alignnone wp-image-4874 size-large\" src=\"https:\/\/ecl-pisarka.pl\/wp-content\/uploads\/2019\/08\/Sybstytuty-Milosci-1024x576.jpg\" alt=\"&quot;Substytuty Mi\u0142o\u015bci Ewelina C.Lisowska&quot;\" width=\"1024\" height=\"576\" srcset=\"https:\/\/ecl-pisarka.pl\/wp-content\/uploads\/2019\/08\/Sybstytuty-Milosci-1024x576.jpg 1024w, https:\/\/ecl-pisarka.pl\/wp-content\/uploads\/2019\/08\/Sybstytuty-Milosci-300x169.jpg 300w, https:\/\/ecl-pisarka.pl\/wp-content\/uploads\/2019\/08\/Sybstytuty-Milosci-768x432.jpg 768w, https:\/\/ecl-pisarka.pl\/wp-content\/uploads\/2019\/08\/Sybstytuty-Milosci-1536x864.jpg 1536w, https:\/\/ecl-pisarka.pl\/wp-content\/uploads\/2019\/08\/Sybstytuty-Milosci-2048x1152.jpg 2048w, https:\/\/ecl-pisarka.pl\/wp-content\/uploads\/2019\/08\/Sybstytuty-Milosci-400x225.jpg 400w\" sizes=\"auto, (max-width: 1024px) 100vw, 1024px\" \/><\/p>\n","protected":false},"excerpt":{"rendered":"<div class=\"index__meta__row___On5Fo\" data-reactid=\"174\">\n<div data-reactid=\"175\">DRUK NA \u017bYCZENIE<\/div>\n<\/div>\n<div class=\"index__meta__row___On5Fo\" data-reactid=\"202\">\n<div class=\"index__meta__left___3kKAT\" data-reactid=\"203\"><\/div>\n<\/div>\n<h2 data-reactid=\"203\"><a href=\"https:\/\/ridero.eu\/pl\/books\/substytuty_milosci_1\/\">RIDERO<\/a><\/h2>\n<h2 data-reactid=\"203\"><a href=\"https:\/\/www.amazon.pl\/dp\/B0DJGMYRZ9\">AMAZON<\/a><\/h2>\n<div data-reactid=\"203\"><\/div>\n<div data-reactid=\"203\"><\/div>\n<div data-reactid=\"203\"><a href=\"https:\/\/ecl-pisarka.pl\/index.php\/2021\/11\/09\/substytuty-milosci-fragment-ksiazki\/\">Fragment ksi\u0105\u017cki<\/a><\/div>\n<div data-reactid=\"203\"><a href=\"https:\/\/ecl-pisarka.pl\/index.php\/kategoria-produktu\/ebook-romanse-wspolczesne\/substytuty-milosci\/\">Ebook Subtytuty Mi\u0142o\u015bci<\/a><\/div>\n<div data-reactid=\"203\"><\/div>\n<h2 data-reactid=\"203\">Opis ksi\u0105\u017cki<\/h2>\n<div data-reactid=\"203\">Debiutancka powie\u015b\u0107 Eweliny C. Lisowskiej. Mi\u0142o\u015b\u0107 z\u00a0pogranicza sacrum i\u00a0profanum. Ona\u00a0\u2014 m\u0142odziutka prostytutka. On\u00a0\u2014 przysz\u0142y duchowny. Po\u0142\u0105czeni przez przypadek, wbrew wszelkim zakazom i\u00a0normom. Nie\u00a0jest to\u00a0zwyk\u0142y romans, lecz powie\u015b\u0107, kt\u00f3ra odpowiada na\u00a0wiele pyta\u0144 odno\u015bnie mi\u0142o\u015bci Boga do\u00a0cz\u0142owieka, cz\u0142owieka do\u00a0Boga i\u00a0cz\u0142owieka do\u00a0cz\u0142owieka. Czy\u00a0mo\u017cna us\u0142ysze\u0107 g\u0142os Boga? Jak\u00a0rozumie\u0107 przykazanie Mi\u0142o\u015bci Boga i\u00a0Bli\u017aniego? Czy\u00a0kochaj\u0105c cz\u0142owieka, mo\u017cna jednocze\u015bnie kocha\u0107 Boga?<\/div>\n<div data-reactid=\"203\"><\/div>\n","protected":false},"featured_media":5382,"template":"","meta":[],"product_brand":[],"product_cat":[205,197,252],"product_tag":[253,262,166,64],"class_list":{"0":"post-5381","1":"product","2":"type-product","3":"status-publish","4":"has-post-thumbnail","6":"product_cat-substytuty-milosci","7":"product_cat-powiesci-religijne","8":"product_cat-romans-wspolczesny","9":"product_tag-druk-na-zyczenie","10":"product_tag-powiesci-religijne","11":"product_tag-romans-wspolczesny","12":"product_tag-substytuty-milosci","14":"first","15":"instock","16":"taxable","17":"shipping-taxable","18":"product-type-external"},"_links":{"self":[{"href":"https:\/\/ecl-pisarka.pl\/index.php\/wp-json\/wp\/v2\/product\/5381","targetHints":{"allow":["GET"]}}],"collection":[{"href":"https:\/\/ecl-pisarka.pl\/index.php\/wp-json\/wp\/v2\/product"}],"about":[{"href":"https:\/\/ecl-pisarka.pl\/index.php\/wp-json\/wp\/v2\/types\/product"}],"wp:featuredmedia":[{"embeddable":true,"href":"https:\/\/ecl-pisarka.pl\/index.php\/wp-json\/wp\/v2\/media\/5382"}],"wp:attachment":[{"href":"https:\/\/ecl-pisarka.pl\/index.php\/wp-json\/wp\/v2\/media?parent=5381"}],"wp:term":[{"taxonomy":"product_brand","embeddable":true,"href":"https:\/\/ecl-pisarka.pl\/index.php\/wp-json\/wp\/v2\/product_brand?post=5381"},{"taxonomy":"product_cat","embeddable":true,"href":"https:\/\/ecl-pisarka.pl\/index.php\/wp-json\/wp\/v2\/product_cat?post=5381"},{"taxonomy":"product_tag","embeddable":true,"href":"https:\/\/ecl-pisarka.pl\/index.php\/wp-json\/wp\/v2\/product_tag?post=5381"}],"curies":[{"name":"wp","href":"https:\/\/api.w.org\/{rel}","templated":true}]}}