{"id":6368,"date":"2024-07-13T11:56:34","date_gmt":"2024-07-13T10:56:34","guid":{"rendered":"https:\/\/ecl-pisarka.pl\/?post_type=product&#038;p=6368"},"modified":"2025-03-05T18:11:57","modified_gmt":"2025-03-05T17:11:57","slug":"imresje-wiktorii-ksiazka-zakladka","status":"publish","type":"product","link":"https:\/\/ecl-pisarka.pl\/index.php\/produkt\/imresje-wiktorii-ksiazka-zakladka\/","title":{"rendered":"IMRESJE WIKTORII ksi\u0105\u017cka z zak\u0142adk\u0105"},"content":{"rendered":"<h1 class=\"ml-m-b-8 ml-heading ml-heading-large ml-heading--color- ml-normalize-heading\">IMPRESJE WIKTORII E.C.Lisowska &#8211; ksi\u0105\u017cka z zak\u0142adk\u0105<\/h1>\n<p>ZAKUP KSI\u0104\u017bKI PRZEZ PORTAL ALLLEGRO<\/p>\n","protected":false},"excerpt":{"rendered":"<div class=\"ml-text-truncate__content\">\n<div>\n<div class=\"mlc-no-hydrate\">\n<div class=\"ml-text-medium ml-text-hyphens mlc-offer__description\">\n<h2><a href=\"https:\/\/allegrolokalnie.pl\/oferta\/romans-historyczny-impresje-wiktorii-eclisowska-ksiazka-zakladka\">ZAKUP KSI\u0104\u017bKI PRZEZ PORTAL ALLEGRO<\/a><\/h2>\n<p>&nbsp;<\/p>\n<p class=\"desc-h1\"><strong>Ewelina C. Lisowska IMPRESJE WIKTORII<\/strong><\/p>\n<p class=\"desc-h1\"><strong>ksi\u0105\u017cka z zak\u0142adk\u0105<\/strong><\/p>\n<p class=\"desc-h1\"><strong>W\u0142asnor\u0119cznie wykonana ksi\u0105\u017cka &#8211; r\u0119cznie klejona i ci\u0119ta. Posiada laminat zabezpieczaj\u0105cy ok\u0142adk\u0119. Mo\u017ce posiada\u0107 drobne wady, kt\u00f3re jednak nie przeszkadzaj\u0105 w czytaniu ksi\u0105\u017cki!!!<\/strong><\/p>\n<p class=\"desc-p\">Panna Wiktoria Jankowska to dwudziestoletnia c\u00f3rka w\u0142a\u015bciciela dworku (ziemia\u0144stwo polskie, wiek XIX). Teodor Jankowski pragnie, aby jego c\u00f3rka wysz\u0142a dobrze za m\u0105\u017c. Lecz w \u017cyciu Wiktorii pojawia si\u0119 amant, kt\u00f3ry wykorzystuje jej naiwno\u015b\u0107. Dziewczyna zachodzi w ci\u0105\u017c\u0119, za co zostaje wyp\u0119dzona z domu. Jednak to nie koniec kary \u2013 Wiktoria ma zosta\u0107 \u017con\u0105 ch\u0142opa i zamieszka\u0107 z nim razem w jego cha\u0142upie wraz z matk\u0105 i babk\u0105. Wiki brzydzi si\u0119 ch\u0142op\u00f3w, unika ich za wszelk\u0105 cen\u0119. Teraz przyjdzie jej zmierzy\u0107 si\u0119 z now\u0105 rzeczywisto\u015bci\u0105.<\/p>\n<p class=\"desc-p\">Czy Wiktoria i Benek znajd\u0105 wsp\u00f3lny j\u0119zyk? Czy mo\u017cliwa jest w og\u00f3le mi\u0142o\u015b\u0107 mi\u0119dzy dwojgiem tak r\u00f3\u017cnych ludzi?<\/p>\n<p class=\"desc-p\">Wiktoria przejdzie niejeden dramat, sama za\u015b b\u0119dzie sprawczyni\u0105 cierpienia swojego m\u0119\u017ca. Je\u015bli szukasz nietypowego romansu historycznego bez przynudzania histori\u0105, polityk\u0105 i datami, to dobrze trafi\u0142a\u015b!<\/p>\n<\/div>\n<\/div>\n<\/div>\n<\/div>\n","protected":false},"featured_media":6358,"template":"","meta":[],"product_brand":[],"product_cat":[204,289,255],"product_tag":[145,173,165],"class_list":{"0":"post-6368","1":"product","2":"type-product","3":"status-publish","4":"has-post-thumbnail","6":"product_cat-impresje-wiktorii","7":"product_cat-gadzety-ksiazkowe","8":"product_cat-romans-historyczny","9":"product_tag-impresje-wiktorii","10":"product_tag-ksiazka-drukowana","11":"product_tag-romans-historyczny","13":"first","14":"instock","15":"taxable","16":"shipping-taxable","17":"product-type-external"},"_links":{"self":[{"href":"https:\/\/ecl-pisarka.pl\/index.php\/wp-json\/wp\/v2\/product\/6368","targetHints":{"allow":["GET"]}}],"collection":[{"href":"https:\/\/ecl-pisarka.pl\/index.php\/wp-json\/wp\/v2\/product"}],"about":[{"href":"https:\/\/ecl-pisarka.pl\/index.php\/wp-json\/wp\/v2\/types\/product"}],"wp:featuredmedia":[{"embeddable":true,"href":"https:\/\/ecl-pisarka.pl\/index.php\/wp-json\/wp\/v2\/media\/6358"}],"wp:attachment":[{"href":"https:\/\/ecl-pisarka.pl\/index.php\/wp-json\/wp\/v2\/media?parent=6368"}],"wp:term":[{"taxonomy":"product_brand","embeddable":true,"href":"https:\/\/ecl-pisarka.pl\/index.php\/wp-json\/wp\/v2\/product_brand?post=6368"},{"taxonomy":"product_cat","embeddable":true,"href":"https:\/\/ecl-pisarka.pl\/index.php\/wp-json\/wp\/v2\/product_cat?post=6368"},{"taxonomy":"product_tag","embeddable":true,"href":"https:\/\/ecl-pisarka.pl\/index.php\/wp-json\/wp\/v2\/product_tag?post=6368"}],"curies":[{"name":"wp","href":"https:\/\/api.w.org\/{rel}","templated":true}]}}