{"id":6502,"date":"2024-12-06T14:41:20","date_gmt":"2024-12-06T13:41:20","guid":{"rendered":"https:\/\/ecl-pisarka.pl\/?post_type=product&#038;p=6502"},"modified":"2025-02-06T16:37:33","modified_gmt":"2025-02-06T15:37:33","slug":"brzydki-hrabia-zestaw","status":"publish","type":"product","link":"https:\/\/ecl-pisarka.pl\/index.php\/produkt\/brzydki-hrabia-zestaw\/","title":{"rendered":"Ewelina C. Lisowska BRZYDKI HRABIA zestaw: ksi\u0105\u017cka+zak\u0142adka+magnes"},"content":{"rendered":"<h2 style=\"text-align: center;\">Ewelina C. Lisowska<\/h2>\n<h1 style=\"text-align: center;\">BRZYDKI HRABIA<\/h1>\n<p style=\"text-align: center;\"><strong>Zestaw: ksi\u0105\u017cka+zak\u0142adka+magnes na lod\u00f3wk\u0119<\/strong><\/p>\n<p style=\"text-align: center;\"><strong>seria BRZYDKA MI\u0141O\u015a\u0106<\/strong><\/p>\n<p><img loading=\"lazy\" decoding=\"async\" class=\"alignnone wp-image-6503 size-full\" src=\"https:\/\/ecl-pisarka.pl\/wp-content\/uploads\/2024\/12\/12.jpg\" alt=\"brzydki hrabia zestaw ksi\u0105\u017cka zak\u0142adka magnes\" width=\"750\" height=\"490\" srcset=\"https:\/\/ecl-pisarka.pl\/wp-content\/uploads\/2024\/12\/12.jpg 750w, https:\/\/ecl-pisarka.pl\/wp-content\/uploads\/2024\/12\/12-300x196.jpg 300w, https:\/\/ecl-pisarka.pl\/wp-content\/uploads\/2024\/12\/12-600x392.jpg 600w\" sizes=\"auto, (max-width: 750px) 100vw, 750px\" \/><\/p>\n<p>&nbsp;<\/p>\n<p>Obejrzyj inne cytaty z tej ksi\u0105\u017cki na <a href=\"https:\/\/stylowi.pl\/ewelina_capanda_1989\" target=\"_blank\" rel=\"noopener\">Stylowi<\/a> lub <a href=\"https:\/\/www.tiktok.com\/@autorka_romansow?lang=pl-PL\" target=\"_blank\" rel=\"noopener\">Tik Tok<\/a>.<\/p>\n","protected":false},"excerpt":{"rendered":"<p><strong>Ewelina C Lisowska<\/strong><\/p>\n<h2><strong>BRZYDKI HRABIA zestaw (ksi\u0105\u017cka+zak\u0142adka+magnes)<\/strong><\/h2>\n<p><strong>Wydawnictwo Romanse<\/strong><\/p>\n<p><strong>romans historyczny XIX w.<\/strong><\/p>\n<p><strong>Data premiery: 24.01.2025<\/strong><\/p>\n<p>&nbsp;<\/p>\n<h2><strong>Kupisz tutaj oraz na <a href=\"https:\/\/allegrolokalnie.pl\/uzytkownik\/elvi89\">ALLEGRO LOKALNIE<\/a><\/strong><\/h2>\n<p>&nbsp;<\/p>\n<h3>ZOBACZ TAK\u017bE:<\/h3>\n<p><a href=\"https:\/\/ecl-pisarka.pl\/index.php\/produkt\/brzydki-hrabia-ebook-mobi\/\">Ebook Mobi<\/a><\/p>\n<p><a href=\"https:\/\/ecl-pisarka.pl\/index.php\/produkt\/brzydki-hrabia-ebook-pdf\/\">Ebook PDF<\/a><\/p>\n<p><a href=\"https:\/\/ecl-pisarka.pl\/index.php\/produkt\/brzydki-hrabia-ebook-epub\/\">Ebook EPUB<\/a><\/p>\n<p><a href=\"https:\/\/ecl-pisarka.pl\/index.php\/produkt\/brzydki-hrabia-druk-na-zyczenie\/\">Druk na \u017cyczenie<\/a><\/p>\n<p>Przeczytaj fragment<\/p>\n<p>Pos\u0142uchaj fragmentu ksi\u0105\u017cki<\/p>\n<p>&nbsp;<\/p>\n<h1>OPIS KSI\u0104\u017bKI<\/h1>\n<p>Sz\u00f3sty romans historyczny autorstwa Eweliny C. Lisowskiej, osadzony w XIX wieku. Pierwsza cz\u0119\u015b\u0107 serii BRZYDKA MI\u0141O\u015a\u0106 &#8211; czyli historie mi\u0142o\u015bci ludzi brzydkich, dyskryminowanych ze wzgl\u0119du na swoj\u0105 inno\u015b\u0107. BRZYDKI HRABIA rozpoczyna t\u0119 seri\u0119 z nawi\u0105zaniem do ba\u015bni pt. \u201ePi\u0119kna i bestia\u201d autorstwa Gabrielle-Suzanne Barbot de Villeneuve.<\/p>\n<h2>O czym jest BRZYDKI HRABIA?<\/h2>\n<p>Pi\u0119kna panna z dworku, dwudziestodwuletnia Telimena, otrzymuje list od tajemniczego wielbiciela. Ale zanim si\u0119 dowiaduje, kim on jest, d\u0142ugo prowadzi z nim korespondencj\u0119. M\u0119\u017cczyzna, kt\u00f3ry przedstawia si\u0119 imieniem Bezimienny, z ca\u0142\u0105 pewno\u015bci\u0105 nie ma zamiaru si\u0119 z ni\u0105 spotka\u0107. A jednak drogi tych dwojga zakochanych platonicznie os\u00f3b, prowadz\u0105 do pierwszego spotkania. I nie by\u0142oby w tym niczego dziwnego, gdyby rozmowa nie odbywa\u0142a si\u0119 przez parawan. Na dodatek w \u017cyciu Telimeny pojawia si\u0119 drugi adorator\u2026<\/p>\n<h2>BRZYDKI HRABIA zestaw<\/h2>\n<p>Prezentujemy Pa\u0144stwu wyj\u0105tkowy produkt sk\u0142adaj\u0105cy si\u0119 z wielu element\u00f3w. Robiona r\u0119cznie ksi\u0105\u017cka, opatrzona autografem oraz dedykacj\u0105, mo\u017ce by\u0107 pi\u0119knym prezentem niezale\u017cnie od okazji. A zaznaczanie miejsca, w kt\u00f3rym sko\u0144czy\u0142o si\u0119 czyta\u0107, tematycznie dobran\u0105 zak\u0142adk\u0105, sprawi, \u017ce si\u0119ganie po t\u0119 powie\u015b\u0107 b\u0119dzie jeszcze przyjemniejsze. Zawarty na zak\u0142adce cytat wart jest zapami\u0119tania. Mi\u0142ym akcentem jest funkcjonalny magnesik na lod\u00f3wk\u0119, przedstawiaj\u0105cy ok\u0142adk\u0119 ksi\u0105\u017cki.<\/p>\n<p>&nbsp;<\/p>\n<p>&nbsp;<\/p>\n","protected":false},"featured_media":6650,"template":"","meta":[],"product_brand":[],"product_cat":[255,304,289],"product_tag":[303,302,290,173,165,164],"class_list":{"0":"post-6502","1":"product","2":"type-product","3":"status-publish","4":"has-post-thumbnail","6":"product_cat-romans-historyczny","7":"product_cat-brzydki-hrabia","8":"product_cat-gadzety-ksiazkowe","9":"product_tag-brzydka-milosc","10":"product_tag-brzydki-hrabia","11":"product_tag-gadzety-ksiazkowe","12":"product_tag-ksiazka-drukowana","13":"product_tag-romans-historyczny","14":"product_tag-wiek-xix","16":"first","17":"instock","18":"taxable","19":"shipping-taxable","20":"product-type-simple"},"_links":{"self":[{"href":"https:\/\/ecl-pisarka.pl\/index.php\/wp-json\/wp\/v2\/product\/6502","targetHints":{"allow":["GET"]}}],"collection":[{"href":"https:\/\/ecl-pisarka.pl\/index.php\/wp-json\/wp\/v2\/product"}],"about":[{"href":"https:\/\/ecl-pisarka.pl\/index.php\/wp-json\/wp\/v2\/types\/product"}],"wp:featuredmedia":[{"embeddable":true,"href":"https:\/\/ecl-pisarka.pl\/index.php\/wp-json\/wp\/v2\/media\/6650"}],"wp:attachment":[{"href":"https:\/\/ecl-pisarka.pl\/index.php\/wp-json\/wp\/v2\/media?parent=6502"}],"wp:term":[{"taxonomy":"product_brand","embeddable":true,"href":"https:\/\/ecl-pisarka.pl\/index.php\/wp-json\/wp\/v2\/product_brand?post=6502"},{"taxonomy":"product_cat","embeddable":true,"href":"https:\/\/ecl-pisarka.pl\/index.php\/wp-json\/wp\/v2\/product_cat?post=6502"},{"taxonomy":"product_tag","embeddable":true,"href":"https:\/\/ecl-pisarka.pl\/index.php\/wp-json\/wp\/v2\/product_tag?post=6502"}],"curies":[{"name":"wp","href":"https:\/\/api.w.org\/{rel}","templated":true}]}}