{"id":7341,"date":"2026-02-18T19:13:10","date_gmt":"2026-02-18T18:13:10","guid":{"rendered":"https:\/\/ecl-pisarka.pl\/?post_type=product&#038;p=7341"},"modified":"2026-02-18T19:17:05","modified_gmt":"2026-02-18T18:17:05","slug":"ewelina-c-lisowska-aniela","status":"publish","type":"product","link":"https:\/\/ecl-pisarka.pl\/index.php\/produkt\/ewelina-c-lisowska-aniela\/","title":{"rendered":"Ewelina C Lisowska ANIELA romans historyczny z serii Brzydka Mi\u0142o\u015b\u0107 t. 2. Mobi"},"content":{"rendered":"<h1 style=\"text-align: center;\">Ewelina C Lisowska ANIELA<\/h1>\n<h1 style=\"text-align: center;\">romans historyczny<\/h1>\n<h1 style=\"text-align: center;\">z serii Brzydka Mi\u0142o\u015b\u0107 t. 2.<\/h1>\n<p><img loading=\"lazy\" decoding=\"async\" class=\"alignnone wp-image-7342 size-full\" src=\"https:\/\/ecl-pisarka.pl\/wp-content\/uploads\/2026\/02\/4-1.jpg\" alt=\"ewelina c lisowska aniela\" width=\"2560\" height=\"1440\" srcset=\"https:\/\/ecl-pisarka.pl\/wp-content\/uploads\/2026\/02\/4-1.jpg 2560w, https:\/\/ecl-pisarka.pl\/wp-content\/uploads\/2026\/02\/4-1-300x169.jpg 300w, https:\/\/ecl-pisarka.pl\/wp-content\/uploads\/2026\/02\/4-1-1024x576.jpg 1024w, https:\/\/ecl-pisarka.pl\/wp-content\/uploads\/2026\/02\/4-1-768x432.jpg 768w, https:\/\/ecl-pisarka.pl\/wp-content\/uploads\/2026\/02\/4-1-1536x864.jpg 1536w, https:\/\/ecl-pisarka.pl\/wp-content\/uploads\/2026\/02\/4-1-2048x1152.jpg 2048w, https:\/\/ecl-pisarka.pl\/wp-content\/uploads\/2026\/02\/4-1-600x338.jpg 600w\" sizes=\"auto, (max-width: 2560px) 100vw, 2560px\" \/><\/p>\n<p style=\"text-align: center;\">Odkryj inne cytaty na <strong>rolkach<\/strong> na kanale <a href=\"https:\/\/www.youtube.com\/@ewelinac.lisowska1067\" target=\"_blank\" rel=\"noopener\">Ewelina C Lisowska autorka romans\u00f3w<\/a>.<\/p>\n","protected":false},"excerpt":{"rendered":"<h2 style=\"text-align: center;\">Ewelina C Lisowska ANIELA<\/h2>\n<h1 style=\"text-align: center;\">romans historyczny<\/h1>\n<h2 style=\"text-align: center;\">z serii Brzydka Mi\u0142o\u015b\u0107 t. 2.<\/h2>\n<p style=\"text-align: center;\">Ebook Mobi<\/p>\n<p>&#8222;Aniela&#8221; to drugi tom serii Brzydka Mi\u0142o\u015b\u0107, kt\u00f3r\u0105 zapocz\u0105tkowa\u0142 &#8222;<a href=\"https:\/\/ecl-pisarka.pl\/index.php\/kategoria-produktu\/romans-historyczny\/brzydki-hrabia\/\">Brzydki hrabia<\/a>&#8222;. Co \u0142\u0105czy te dwie powie\u015bci? Temat mi\u0142o\u015bci, kt\u00f3ra na pierwszy rzut oka nie mia\u0142a szans na to, aby si\u0119 narodzi\u0107. Ale jak b\u0119dzie tym razem?<\/p>\n<p>&nbsp;<\/p>\n<p>Autorka romans\u00f3w Ewelina C Lisowska zabiera nas zn\u00f3w do wieku XIX-tego, do pa\u0142acu Dembi\u0144skich, gdzie w pewnej alkowie mieszka Aniela. 20letnia panienka od lat nie opuszcza swojego pokoju, a nawet \u0142\u00f3\u017cka. Przyt\u0142aczaj\u0105ce cierpienie psychiczne dziewczyny zwi\u0105zane jest z pragnieniem wzajemnej mi\u0142o\u015bci. Nauczona przyk\u0142adem ma\u0142\u017ce\u0144stwa swoich rodzic\u00f3w, nie wierzy w to, \u017ce mi\u0142o\u015b\u0107 istnieje, a tym bardziej, \u017ce mog\u0142aby przytrafi\u0107 si\u0119 jej. Przed odej\u015bciem z tego \u015bwiata broni jej duchowny, ks. Micha\u0142, kt\u00f3ry jest wiernym spowiednikiem i duchowym opiekunem Anieli.<\/p>\n<p>&nbsp;<\/p>\n<p>Pewnego dnia ojciec przedstawia jej przesz\u0142ego m\u0119\u017ca, kt\u00f3rym jest niewiele od niej starszy Gustaw Karnicki. Rodzice obojga podpisuj\u0105 umow\u0119 przedma\u0142\u017ce\u0144sk\u0105, kt\u00f3ra jest niczym innym jak transakcj\u0105 zamienn\u0105. Sp\u0142ata d\u0142ug\u00f3w Karnickich w zamian za sp\u0142odzenie potomka Dembi\u0144skich. Po \u015blubie Gustaw jednak wcale nie ma ochoty przebywa\u0107 z Aniel\u0105, podobnie jak ona &#8211; unika go jak ognia.<\/p>\n<p>&nbsp;<\/p>\n<p>Czy dojdzie do nocy po\u015blubnej?<\/p>\n<p>Czy chora dziewczyna b\u0119dzie w stanie wyda\u0107 na \u015bwiat potomka, kt\u00f3ry b\u0119dzie gwarantem bezpiecze\u0144stwa maj\u0105tku rodzinnego?<\/p>\n<p>Czy mi\u0119dzy g\u0142\u00f3wnymi bohaterami zrodzi si\u0119 mi\u0142o\u015b\u0107?<\/p>\n<p>&nbsp;<\/p>\n<p>Historia Anieli obfituje w nag\u0142e zwroty akcji, silne emocje i niespodziewan\u0105 wra\u017cliwo\u015b\u0107, kt\u00f3ra rodzi si\u0119 mi\u0119dzy Aniel\u0105 i Gustawem. Obecna tu subtelna erotyka podyktowana jest delikatno\u015bci\u0105 Anieli oraz jej ograniczeniami.<\/p>\n","protected":false},"featured_media":7343,"template":"","meta":[],"product_brand":[],"product_cat":[255,322],"product_tag":[303,50,138,165],"class_list":{"0":"post-7341","1":"product","2":"type-product","3":"status-publish","4":"has-post-thumbnail","6":"product_cat-romans-historyczny","7":"product_cat-aniela","8":"product_tag-brzydka-milosc","9":"product_tag-ebook","10":"product_tag-ebook-mobi","11":"product_tag-romans-historyczny","13":"first","14":"instock","15":"virtual","16":"taxable","17":"purchasable","18":"product-type-simple"},"_links":{"self":[{"href":"https:\/\/ecl-pisarka.pl\/index.php\/wp-json\/wp\/v2\/product\/7341","targetHints":{"allow":["GET"]}}],"collection":[{"href":"https:\/\/ecl-pisarka.pl\/index.php\/wp-json\/wp\/v2\/product"}],"about":[{"href":"https:\/\/ecl-pisarka.pl\/index.php\/wp-json\/wp\/v2\/types\/product"}],"wp:featuredmedia":[{"embeddable":true,"href":"https:\/\/ecl-pisarka.pl\/index.php\/wp-json\/wp\/v2\/media\/7343"}],"wp:attachment":[{"href":"https:\/\/ecl-pisarka.pl\/index.php\/wp-json\/wp\/v2\/media?parent=7341"}],"wp:term":[{"taxonomy":"product_brand","embeddable":true,"href":"https:\/\/ecl-pisarka.pl\/index.php\/wp-json\/wp\/v2\/product_brand?post=7341"},{"taxonomy":"product_cat","embeddable":true,"href":"https:\/\/ecl-pisarka.pl\/index.php\/wp-json\/wp\/v2\/product_cat?post=7341"},{"taxonomy":"product_tag","embeddable":true,"href":"https:\/\/ecl-pisarka.pl\/index.php\/wp-json\/wp\/v2\/product_tag?post=7341"}],"curies":[{"name":"wp","href":"https:\/\/api.w.org\/{rel}","templated":true}]}}